 and 508.
2
What is the greatest common factor of 740 and 5513?
37
Calculate the greatest common divisor of 1253945 and 385.
385
What is the greatest common factor of 824075 and 70?
35
What is the greatest common divisor of 376 and 2892098?
94
What is the greatest common factor of 12620 and 20?
20
Calculate the highest common factor of 5589 and 6417.
207
What is the highest common divisor of 16292 and 4?
4
Calculate the highest common divisor of 837 and 54963.
279
What is the greatest common divisor of 1728220 and 1040?
260
What is the greatest common factor of 40894 and 224?
14
What is the greatest common divisor of 144 and 2313072?
144
Calculate the highest common factor of 456 and 7923.
57
What is the highest common factor of 1320 and 15851?
11
What is the greatest common divisor of 46898 and 13100?
262
Calculate the highest common factor of 2119118 and 51.
17
What is the greatest common factor of 1536886 and 338?
338
What is the greatest common divisor of 3347269 and 73?
73
Calculate the greatest common factor of 64117 and 1843.
97
Calculate the highest common factor of 135 and 1542375.
135
What is the greatest common divisor of 160 and 3504?
16
What is the highest common divisor of 254 and 141478?
254
Calculate the greatest common divisor of 16258 and 946.
22
Calculate the highest common divisor of 700 and 4800.
100
Calculate the greatest common factor of 40 and 47212.
4
What is the greatest common factor of 13514 and 7456?
466
Calculate the highest common factor of 198684 and 45.
9
Calculate the highest common divisor of 96 and 897252.
12
What is the highest common factor of 2006 and 105366?
34
Calculate the greatest common factor of 1591 and 2924.
43
What is the greatest common factor of 9238 and 31?
31
Calculate the highest common divisor of 10 and 675110.
10
Calculate the highest common factor of 68692 and 806.
26
Calculate the highest common divisor of 780373 and 4026.
671
What is the greatest common divisor of 14 and 44436?
14
What is the highest common factor of 60971 and 551?
19
What is the greatest common divisor of 6955279 and 1299?
433
What is the greatest common divisor of 546 and 7215?
39
Calculate the greatest common factor of 1785 and 1845180.
255
What is the highest common divisor of 1 and 1621?
1
Calculate the highest common divisor of 94 and 62087.
47
Calculate the highest common factor of 32 and 286616.
8
Calculate the greatest common divisor of 52672 and 16.
16
Calculate the highest common factor of 36 and 19143.
9
What is the greatest common factor of 3557832 and 168?
24
Calculate the highest common divisor of 479 and 460319.
479
Calculate the greatest common divisor of 1632 and 4224.
96
Calculate the greatest common divisor of 2775 and 17.
1
What is the highest common factor of 32819 and 2294?
37
Calculate the greatest common divisor of 3980 and 360.
20
What is the highest common factor of 224 and 35084?
28
Calculate the highest common factor of 517860 and 58590.
1890
What is the highest common divisor of 32519 and 62?
31
What is the highest common factor of 19126 and 22794?
262
What is the greatest common factor of 59458 and 279?
31
Calculate the highest common factor of 16019591 and 217.
217
Calculate the highest common divisor of 3379 and 109.
109
Calculate the highest common divisor of 110561 and 323.
19
What is the greatest common factor of 15686 and 621736?
1426
What is the greatest common divisor of 4270 and 19642?
854
What is the highest common factor of 1382 and 2431629?
691
What is the greatest common factor of 925020 and 120?
60
What is the highest common divisor of 3652 and 74036?
332
Calculate the highest common factor of 14976 and 396.
36
Calculate the highest common divisor of 57 and 21603.
57
Calculate the highest common divisor of 80697 and 999.
111
What is the highest common factor of 3485 and 14965?
205
What is the highest common divisor of 133 and 33782?
133
Calculate the highest common factor of 54 and 867213.
27
Calculate the highest common factor of 12168 and 24.
24
Calculate the highest common divisor of 116700 and 20.
20
Calculate the highest common factor of 31041 and 18.
9
What is the highest common factor of 370380 and 195?
15
What is the highest common factor of 57 and 3930701?
19
What is the highest common divisor of 4716 and 3582588?
1572
Calculate the greatest common factor of 1909 and 19619.
23
What is the greatest common divisor of 9625 and 479500?
875
Calculate the highest common factor of 5355 and 37548.
63
What is the highest common factor of 1347074 and 93?
31
What is the highest common factor of 106530 and 170?
10
What is the highest common factor of 4227475 and 425?
425
What is the highest common factor of 6669 and 1083?
57
Calculate the greatest common divisor of 391 and 1462.
17
Calculate the greatest common factor of 3689 and 57443.
527
Calculate the greatest common factor of 102821 and 7557.
229
What is the highest common divisor of 455 and 5200?
65
Calculate the greatest common factor of 27306 and 410.
82
Calculate the highest common divisor of 92418 and 15614.
422
Calculate the greatest common divisor of 495 and 75690.
45
What is the greatest common factor of 960 and 3570?
30
Calculate the greatest common divisor of 13248 and 10534.
46
What is the highest common factor of 513279 and 429?
39
What is the greatest common factor of 244 and 416996?
244
Calculate the greatest common divisor of 80 and 3136690.
10
What is the highest common divisor of 80253 and 518?
37
Calculate the greatest common divisor of 48 and 829524.
12
What is the greatest common divisor of 95246 and 6?
2
What is the greatest common factor of 41300 and 354?
118
Calculate the highest common divisor of 57280 and 360.
40
Calculate the greatest common factor of 801223 and 347.
347
What is the highest common factor of 87969 and 413?
413
What is the greatest common factor of 3652 and 124998?
166
What is the greatest common factor of 390 and 3146?
26
What is the highest common factor of 98 and 208?
2
Calculate the highest common factor of 7073 and 44.
11
What is the highest common factor of 190 and 22534?
38
Calculate the greatest common divisor of 78093 and 270.
9
Calculate the greatest common divisor of 1539 and 10602.
171
What is the greatest common factor of 814 and 19954?
22
Calculate the greatest common divisor of 664 and 15023.
83
What is the highest common divisor of 1144 and 208?
104
What is the greatest common factor of 138 and 1845474?
138
What is the highest common factor of 720 and 55696?
16
What is the highest common factor of 912 and 2148?
12
Calculate the greatest common factor of 8912 and 128.
16
What is the highest common divisor of 465 and 1305?
15
Calculate the highest common factor of 3696 and 144.
48
What is the greatest common divisor of 50 and 2605?
5
Calculate the greatest common divisor of 530 and 20829.
53
Calculate the highest common divisor of 14040 and 640.
40
What is the greatest common factor of 17224 and 406?
2
What is the greatest common divisor of 51 and 133705?
17
What is the greatest common divisor of 106704 and 380?
76
What is the greatest common factor of 256 and 334016?
64
Calculate the highest common divisor of 16215 and 79665.
705
Calculate the highest common factor of 1264 and 60514.
158
What is the greatest common divisor of 147 and 76881?
147
What is the highest common factor of 34572 and 24?
12
What is the highest common divisor of 173732 and 676?
676
Calculate the highest common factor of 212 and 21783.
53
What is the greatest common factor of 290 and 69455?
145
What is the highest common divisor of 560 and 95900?
140
Calculate the highest common factor of 91 and 11287913.
91
Calculate the greatest common divisor of 9638 and 122.
122
What is the greatest common factor of 1378 and 6773?
13
Calculate the greatest common factor of 2 and 717622.
2
What is the greatest common divisor of 318 and 586286?
106
Calculate the greatest common factor of 11936 and 32.
32
Calculate the highest common divisor of 1 and 35406.
1
Calculate the greatest common divisor of 311 and 2328457.
311
What is the greatest common divisor of 9555 and 1491?
21
Calculate the greatest common divisor of 1815 and 94080.
15
What is the greatest common factor of 3845 and 5?
5
Calculate the greatest 